09352?
False
Is 7026164 a multiple of 70?
False
Is 20 a factor of 61424636?
False
Is 2817696 a multiple of 294?
True
Is 1409877868 a multiple of 28?
True
Is 176146685 a multiple of 19?
False
Does 18 divide 3198760254?
True
Is 141914674 a multiple of 17?
True
Does 2235 divide 67470180?
True
Does 624 divide 27029808?
True
Does 938 divide 92431383?
False
Does 1089 divide 1255303768?
False
Does 21 divide 19375144?
False
Is 17 a factor of 162956118?
True
Is 131 a factor of 5892863979?
False
Does 25 divide 639948225?
True
Does 837 divide 1406117677?
False
Is 12278025 a multiple of 75?
True
Is 279 a factor of 422406000?
True
Is 6 a factor of 5980098?
True
Is 21 a factor of 5699331?
False
Does 5 divide 116050810?
True
Does 260 divide 845289380?
True
Does 30 divide 11982469?
False
Is 1405918376 a multiple of 3274?
False
Is 33 a factor of 90282066?
False
Does 20 divide 100584221?
False
Is 1481172928 a multiple of 16?
True
Is 62 a factor of 18579807?
False
Is 82 a factor of 1057757934?
True
Does 110 divide 6739424?
False
Is 253 a factor of 2397516?
False
Is 25 a factor of 1055894782?
False
Is 51808844 a multiple of 1655?
False
Is 49 a factor of 1114867845?
True
Is 49 a factor of 484156698?
False
Is 2391583200 a multiple of 57?
True
Is 57 a factor of 4073173?
False
Is 16 a factor of 95944224?
True
Is 3124 a factor of 143501508?
False
Does 108 divide 6194448?
True
Is 101266231 a multiple of 7?
False
Does 10 divide 1378366802?
False
Is 34 a factor of 27583146?
True
Is 3063 a factor of 41307618?
True
Does 27 divide 1296786?
False
Does 5 divide 8927863?
False
Does 12 divide 48803844?
True
Is 296 a factor of 115181571?
False
Is 48 a factor of 3155471376?
True
Is 1914 a factor of 824599541?
False
Is 287845828 a multiple of 23?
True
Is 367226720 a multiple of 2028?
False
Is 3209 a factor of 349630491?
False
Does 41 divide 140183138?
False
Does 3 divide 53481729?
True
Does 845 divide 4952713397?
False
Is 297 a factor of 2540298104?
False
Does 125 divide 124542189?
False
Is 1142 a factor of 567678045?
False
Is 6290346 a multiple of 6?
True
Is 94 a factor of 155621854?
False
Is 25133448 a multiple of 106?
True
Is 6 a factor of 36988548?
True
Is 65 a factor of 919701575?
True
Is 4 a factor of 635338536?
True
Does 1995 divide 497682675?
True
Is 5 a factor of 40397580?
True
Is 23 a factor of 1693116501?
False
Does 117 divide 16534908?
True
Is 702453039 a multiple of 17?
True
Is 2761826292 a multiple of 753?
True
Is 10283229 a multiple of 100?
False
Is 231325601 a multiple of 276?
False
Is 62 a factor of 15211266?
True
Does 14 divide 15902880?
True
Does 10 divide 7107570?
True
Is 291767576 a multiple of 83?
True
Does 87 divide 3992917573?
False
Is 4098 a factor of 182434764?
True
Does 4961 divide 870383117?
False
Does 659 divide 566572614?
True
Does 42 divide 180441534?
True
Is 85 a factor of 28611340?
True
Does 490 divide 239483580?
True
Is 32954320 a multiple of 560?
True
Is 330 a factor of 184224150?
True
Does 5 divide 7616065?
True
Is 19 a factor of 247491106?
False
Does 3 divide 69899304?
True
Does 32 divide 349679072?
True
Does 31 divide 14894950?
False
Does 21 divide 45803948?
False
Is 1750005944 a multiple of 38?
True
Is 33572309 a multiple of 151?
False
Is 7738020 a multiple of 45?
True
Is 2342 a factor of 1413909869?
False
Is 332069702 a multiple of 148?
False
Is 14384892 a multiple of 89?
True
Does 691 divide 2254169?
False
Is 14321433 a multiple of 161?
True
Is 33 a factor of 7508721?
True
Is 160914996 a multiple of 5247?
True
Is 61 a factor of 54081?
False
Does 2206 divide 352144218?
False
Does 281 divide 139899123?
False
Does 95 divide 117499040?
True
Does 7 divide 108271687?
False
Is 1631023656 a multiple of 136?
True
Is 15670544 a multiple of 23?
True
Is 899755766 a multiple of 81?
False
Does 13 divide 60894293?
False
Does 1740 divide 1526442?
False
Is 1535055 a multiple of 24?
False
Does 29 divide 45699795?
True
Is 3547110 a multiple of 130?
False
Does 58 divide 14560146?
True
Does 194 divide 16391060?
True
Does 328 divide 309174485?
False
Is 456999936 a multiple of 128?
True
Does 140 divide 955799320?
True
Is 39856396 a multiple of 10?
False
Is 2743 a factor of 3102283626?
True
Does 379 divide 79690814?
True
Is 222302709 a multiple of 9?
True
Is 215923302 a multiple of 2583?
True
Does 64 divide 19327168?
True
Is 3246378 a multiple of 125?
False
Is 4 a factor of 507330336?
True
Is 231488304 a multiple of 2521?
True
Is 11812541 a multiple of 75?
False
Is 916 a factor of 174724018?
False
Is 52500938 a multiple of 14?
True
Does 8 divide 710586560?
True
Is 18532507 a multiple of 763?
True
Is 26 a factor of 382641090?
True
Does 425 divide 58322260?
False
Does 73 divide 3678477?
False
Is 2002685871 a multiple of 643?
True
Is 191727405 a multiple of 9?
True
Is 2468398411 a multiple of 11?
False
Is 10511696 a multiple of 97?
True
Does 54 divide 87267672?
True
Does 15 divide 650139915?
True
Is 340 a factor of 2232131280?
True
Does 49 divide 319458734?
True
Does 1491 divide 29818509?
True
Is 2 a factor of 15612168?
True
Is 141849175 a multiple of 25?
True
Does 15 divide 8496345?
True
Is 369112442 a multiple of 112?
False
Is 293 a factor of 2448690951?
True
Does 32 divide 55266025?
False
Is 16 a factor of 530407299?
False
Is 132 a factor of 2611275107?
False
Is 21 a factor of 230161094?
False
Is 926264327 a multiple of 120?
False
Does 6 divide 12204636?
True
Is 3758 a factor of 40268289?
False
Does 901 divide 178080848?
True
Is 19 a factor of 13901350?
True
Is 25887724 a multiple of 594?
False
Does 2949 divide 889977691?
False
Is 196 a factor of 167821341?
False
Is 201073907 a multiple of 428?
False
Is 16078679 a multiple of 13?
False
Is 40525242 a multiple of 97?
True
Does 453 divide 856517804?
False
Does 673 divide 14719183?
True
Does 17 divide 644683146?
True
Is 688271 a multiple of 4?
False
Is 2410 a factor of 58304608?
False
Is 134 a factor of 477111250?
False
Is 171 a factor of 15940932?
False
Is 50 a factor of 3085761?
False
Does 887 divide 42606547?
False
Is 3 a factor of 82399226?
False
Is 152225320 a multiple of 65?
True
Is 1049052576 a multiple of 484?
True
Is 153094426 a multiple of 124?
False
Is 18 a factor of 33250536?
True
Is 43258492 a multiple of 271?
False
Is 81 a factor of 23524206?
False
Is 599286860 a multiple of 20?
True
Is 134282596 a multiple of 60?
False
Is 15 a factor of 17384806?
False
Is 366 a factor of 16529292?
True
Does 162 divide 18376470?
True
Is 433512137 a multiple of 3989?
False
Is 1015 a factor of 328133260?
True
Is 3548645483 a multiple of 36?
False
Does 4 divide 63157686?
False
Does 32 divide 138053053?
False
Does 98 divide 40859394?
False
Is 3155785 a multiple of 52?
False
Is 3993705 a multiple of 171?
True
Is 1275 a factor of 2271942053?
False
Is 90 a factor of 1860210?
True
Does 420 divide 295008645?
False
Is 68 a factor of 36804364?
False
Does 17 divide 97059543?
False
Is 11141320 a multiple of 16?
False
Is 4052320 a multiple of 380?
True
Does 678 divide 99367002?
True
Is 15 a factor of 344864982?
False
Is 1115 a factor of 38796425?
True
Does 947 divide 151075166?
False
Is 171 a factor of 3056106528?
True
Is 370 a factor of 885068737?
False
Is 11455584 a multiple of 1702?
False
Does 793 divide 147669288?
True
Is 42898910 a multiple of 142?
True
Is 19059778 a multiple of 46?
True
Is 3565149093 a multiple of 11?
True
Is 155817141 a multiple of 5435?
False
Is 26 a factor of 4332894487?
False
Does 171 divide 135978058?
False
Does 41 divide 28057079?
True
Does 13 divide 4216953?
True
Does 20 divide 1363200800?
True
Is 219380448 a multiple of 939?
True
Is 2533714685 a multiple of 1718?
False
Does 174 divide 20791608?
True
Is 611 a factor of 132458690?
True
Is 239803954 a multiple of 15?
False
Is 15 a factor of 51342587?
False
Is 45558288 a multiple of 8?
True
Does 1048 divide 15270962?
False
Does 595 divide 5445440?
True
Does 85 divide 816425?
True
Is 680582991 a multiple of 72?
False
Does 71 divide 415726874?
False
Is 1197573964 a multiple of 213?
False
Is 32 a factor of 267308896?
True
Is 671 a factor of 90045516?
True
Is 500 a factor of 32072500?
True
Is 4 a factor of 12483028?
True
Is 3743553708 a multiple of 6654?
True
Is 4037043604 a multiple of 11?
True
Is 248206890 a multiple of 987?
False
Does 21 divide 534150072